st common factor of 351 and 54783?
27
What is the greatest common divisor of 324 and 1278261?
81
What is the greatest common divisor of 19247 and 53689?
1013
What is the highest common divisor of 46562 and 186?
62
Calculate the highest common divisor of 12 and 181218.
6
What is the highest common divisor of 4823 and 278356?
689
Calculate the highest common divisor of 13604 and 7676.
76
What is the highest common factor of 3706 and 83494?
218
What is the highest common divisor of 462 and 607222?
154
Calculate the highest common divisor of 179 and 1267141.
179
Calculate the highest common factor of 22 and 490897.
11
Calculate the highest common factor of 200459 and 2107.
49
Calculate the greatest common factor of 96768 and 9856.
896
Calculate the highest common factor of 676 and 232.
4
Calculate the greatest common divisor of 15674457 and 213.
213
What is the highest common divisor of 44212 and 8?
4
What is the greatest common factor of 65 and 40014?
13
Calculate the highest common factor of 432924 and 172.
172
Calculate the greatest common factor of 678 and 279336.
678
Calculate the highest common divisor of 4823 and 11713.
689
What is the highest common factor of 24 and 40620?
12
Calculate the highest common divisor of 5421 and 4448.
139
Calculate the greatest common factor of 52403 and 1885.
377
What is the highest common divisor of 7 and 5041?
1
What is the highest common factor of 34 and 3424888?
34
Calculate the highest common factor of 5337 and 288.
9
Calculate the highest common divisor of 63555 and 1425.
285
Calculate the highest common factor of 615 and 176915.
205
Calculate the greatest common factor of 60160 and 47.
47
What is the highest common divisor of 9167 and 979?
89
Calculate the highest common factor of 549827 and 197.
197
Calculate the highest common factor of 13268 and 124.
124
Calculate the highest common factor of 42560 and 14.
14
Calculate the greatest common factor of 2 and 7851.
1
What is the highest common divisor of 3240538 and 14?
14
What is the greatest common divisor of 3055 and 112095?
235
What is the highest common factor of 583995 and 60?
15
What is the greatest common factor of 515052 and 10773?
513
Calculate the highest common divisor of 3468 and 1956.
12
Calculate the highest common divisor of 102043 and 3.
1
What is the greatest common divisor of 132749 and 19?
1
Calculate the greatest common divisor of 178203 and 1866.
933
Calculate the greatest common divisor of 11 and 1323113.
11
Calculate the greatest common divisor of 216 and 3618.
54
What is the greatest common factor of 65021 and 5819?
253
Calculate the greatest common divisor of 8 and 21346.
2
Calculate the greatest common factor of 864 and 1292832.
288
Calculate the highest common factor of 162 and 69093.
81
Calculate the highest common factor of 96150 and 6.
6
What is the greatest common factor of 142488 and 18?
18
What is the highest common factor of 43 and 199391?
43
What is the highest common divisor of 39 and 255957?
39
Calculate the highest common factor of 270 and 579825.
135
Calculate the highest common divisor of 36 and 51792.
12
What is the highest common divisor of 2748540 and 40?
20
What is the greatest common divisor of 1395 and 4532820?
465
What is the highest common divisor of 39936 and 107952?
624
Calculate the highest common divisor of 34 and 664394.
34
What is the greatest common factor of 912 and 10146?
114
Calculate the highest common divisor of 182 and 105518.
14
Calculate the greatest common factor of 76 and 66329.
19
What is the highest common divisor of 24 and 119184?
24
What is the highest common divisor of 24903 and 9?
9
What is the greatest common divisor of 2700243 and 26?
13
Calculate the highest common factor of 876 and 528.
12
What is the highest common factor of 144 and 3086784?
144
Calculate the greatest common divisor of 76 and 183046.
38
What is the highest common divisor of 1 and 15579?
1
Calculate the greatest common factor of 98 and 100548.
98
Calculate the greatest common factor of 1230 and 329790.
30
What is the greatest common factor of 925 and 521515?
185
Calculate the greatest common factor of 66366 and 96.
6
What is the highest common factor of 559608 and 56?
56
What is the greatest common factor of 833 and 138397?
119
What is the highest common factor of 8262 and 198?
18
What is the greatest common divisor of 15754809 and 21?
21
What is the greatest common divisor of 46978 and 166?
166
Calculate the greatest common factor of 11004 and 7588.
28
What is the greatest common factor of 398 and 8365761?
199
What is the greatest common factor of 1626 and 252?
6
Calculate the highest common divisor of 530 and 1441282.
106
What is the highest common factor of 20221 and 2701?
73
What is the highest common divisor of 76179 and 804?
201
What is the highest common factor of 150381 and 24273?
279
Calculate the highest common divisor of 224 and 1331344.
112
What is the highest common factor of 68397 and 777?
21
What is the greatest common divisor of 17 and 231268?
17
Calculate the greatest common factor of 79425 and 450.
225
Calculate the greatest common divisor of 26442 and 288.
18
What is the greatest common divisor of 8272 and 23876?
188
What is the greatest common factor of 1243 and 185659?
113
Calculate the highest common factor of 21 and 1005963.
21
What is the highest common divisor of 712 and 114276?
356
What is the greatest common divisor of 4557840 and 45?
15
Calculate the greatest common factor of 1085456 and 716.
716
Calculate the highest common divisor of 27 and 16101.
9
Calculate the highest common factor of 2398 and 1122.
22
Calculate the highest common divisor of 168 and 430656.
24
Calculate the greatest common divisor of 1582488 and 93.
93
Calculate the highest common factor of 911212 and 107.
107
Calculate the highest common divisor of 4340 and 7.
7
Calculate the greatest common factor of 9680 and 165.
55
What is the highest common factor of 2 and 19498?
2
Calculate the greatest common divisor of 6 and 835818.
6
Calculate the highest common divisor of 38184 and 264.
24
What is the greatest common divisor of 2970 and 5170?
110
Calculate the greatest common factor of 30752 and 744.
248
What is the highest common divisor of 267 and 34977?
267
Calculate the greatest common divisor of 77 and 5271.
7
What is the highest common divisor of 337752 and 72?
72
What is the highest common factor of 2356 and 502417?
589
What is the greatest common divisor of 166 and 1452500?
166
Calculate the highest common factor of 51800 and 910.
70
Calculate the highest common factor of 25992 and 1296.
72
Calculate the greatest common divisor of 25262 and 697.
17
What is the highest common factor of 11367 and 31996?
421
Calculate the greatest common factor of 93294 and 198.
18
What is the highest common divisor of 215 and 4634153?
43
What is the highest common divisor of 50 and 38130?
10
Calculate the greatest common factor of 1853 and 53083.
109
What is the highest common factor of 741441 and 404?
101
Calculate the greatest common factor of 20069 and 21350.
427
Calculate the greatest common factor of 940 and 15886.
94
Calculate the greatest common divisor of 10064 and 197506.
1258
Calculate the greatest common divisor of 92 and 20769.
23
Calculate the highest common factor of 48 and 183408.
48
What is the highest common factor of 42465 and 285?
285
What is the greatest common factor of 82654 and 1001?
143
Calculate the greatest common divisor of 1984 and 18414.
62
What is the greatest common divisor of 1505 and 36335?
215
What is the highest common divisor of 191 and 414661?
191
Calculate the highest common factor of 93000 and 3200.
200
Calculate the greatest common factor of 1992 and 57021.
249
Calculate the highest common divisor of 478300 and 100.
100
Calculate the greatest common factor of 555 and 105780.
15
What is the highest common divisor of 406723 and 5363?
173
What is the highest common divisor of 1020 and 128300?
20
Calculate the highest common factor of 110808 and 5624.
152
Calculate the greatest common divisor of 104079 and 9.
3
What is the highest common divisor of 1261008 and 7056?
1008
What is the highest common factor of 186 and 124?
62
Calculate the greatest common divisor of 24 and 2424.
24
What is the h